{"id":92,"date":"2020-05-05T12:10:03","date_gmt":"2020-05-05T10:10:03","guid":{"rendered":"http:\/\/la-malvoisine.fr\/?page_id=92"},"modified":"2025-09-11T19:04:53","modified_gmt":"2025-09-11T17:04:53","slug":"nos-produits","status":"publish","type":"page","link":"https:\/\/la-malvoisine.fr\/","title":{"rendered":"Nos Produits"},"content":{"rendered":"\n<figure class=\"wp-block-gallery columns-3 is-cropped wp-block-gallery-1 is-layout-flex wp-block-gallery-is-layout-flex\"><ul class=\"blocks-gallery-grid\"><li class=\"blocks-gallery-item\"><figure><img loading=\"lazy\" decoding=\"async\" width=\"1024\" height=\"682\" src=\"http:\/\/la-malvoisine.fr\/wp-content\/uploads\/2025\/09\/lavage-1024x682.png\" alt=\"\" data-id=\"309\" data-full-url=\"http:\/\/la-malvoisine.fr\/wp-content\/uploads\/2025\/09\/lavage.png\" data-link=\"http:\/\/la-malvoisine.fr\/?attachment_id=309\" class=\"wp-image-309\" srcset=\"https:\/\/la-malvoisine.fr\/wp-content\/uploads\/2025\/09\/lavage-1024x682.png 1024w, https:\/\/la-malvoisine.fr\/wp-content\/uploads\/2025\/09\/lavage-300x200.png 300w, https:\/\/la-malvoisine.fr\/wp-content\/uploads\/2025\/09\/lavage-768x512.png 768w, https:\/\/la-malvoisine.fr\/wp-content\/uploads\/2025\/09\/lavage-1536x1023.png 1536w, https:\/\/la-malvoisine.fr\/wp-content\/uploads\/2025\/09\/lavage.png 1678w\" sizes=\"auto, (max-width: 767px) 89vw, (max-width: 1000px) 54vw, (max-width: 1071px) 543px, 580px\" \/><\/figure><\/li><li class=\"blocks-gallery-item\"><figure><img loading=\"lazy\" decoding=\"async\" width=\"1024\" height=\"768\" src=\"http:\/\/la-malvoisine.fr\/wp-content\/uploads\/2021\/04\/3282236-1024x768.jpg\" alt=\"\" data-id=\"208\" data-full-url=\"http:\/\/la-malvoisine.fr\/wp-content\/uploads\/2021\/04\/3282236-scaled.jpg\" data-link=\"http:\/\/la-malvoisine.fr\/?attachment_id=208\" class=\"wp-image-208\" srcset=\"https:\/\/la-malvoisine.fr\/wp-content\/uploads\/2021\/04\/3282236-1024x768.jpg 1024w, https:\/\/la-malvoisine.fr\/wp-content\/uploads\/2021\/04\/3282236-300x225.jpg 300w, https:\/\/la-malvoisine.fr\/wp-content\/uploads\/2021\/04\/3282236-768x576.jpg 768w, https:\/\/la-malvoisine.fr\/wp-content\/uploads\/2021\/04\/3282236-1536x1152.jpg 1536w, https:\/\/la-malvoisine.fr\/wp-content\/uploads\/2021\/04\/3282236-2048x1536.jpg 2048w\" sizes=\"auto, (max-width: 767px) 89vw, (max-width: 1000px) 54vw, (max-width: 1071px) 543px, 580px\" \/><\/figure><\/li><li class=\"blocks-gallery-item\"><figure><img loading=\"lazy\" decoding=\"async\" width=\"1024\" height=\"681\" src=\"http:\/\/la-malvoisine.fr\/wp-content\/uploads\/2025\/09\/portrait-1024x681.png\" alt=\"\" data-id=\"313\" data-full-url=\"http:\/\/la-malvoisine.fr\/wp-content\/uploads\/2025\/09\/portrait.png\" data-link=\"http:\/\/la-malvoisine.fr\/?attachment_id=313\" class=\"wp-image-313\" srcset=\"https:\/\/la-malvoisine.fr\/wp-content\/uploads\/2025\/09\/portrait-1024x681.png 1024w, https:\/\/la-malvoisine.fr\/wp-content\/uploads\/2025\/09\/portrait-300x200.png 300w, https:\/\/la-malvoisine.fr\/wp-content\/uploads\/2025\/09\/portrait-768x511.png 768w, https:\/\/la-malvoisine.fr\/wp-content\/uploads\/2025\/09\/portrait-1536x1022.png 1536w, https:\/\/la-malvoisine.fr\/wp-content\/uploads\/2025\/09\/portrait.png 1676w\" sizes=\"auto, (max-width: 767px) 89vw, (max-width: 1000px) 54vw, (max-width: 1071px) 543px, 580px\" \/><\/figure><\/li><\/ul><\/figure>\n\n\n\n<p><strong>LA GAMME  \/\/<\/strong><br><em><span style=\"color:#3cb54b\" class=\"has-inline-color\">Les incontournables<\/span><\/em><br>-Cidre demi-sec Bio en 33 et 75cl<br>-Cidre brut Bio en 33 et 75cl<br>-Cidre fermier Bio en 75cl <br><br><em><span style=\"color:#3cb54b\" class=\"has-inline-color\">Les inoubliables<\/span><\/em><br>-Cidre houblonn\u00e9e Bio en 33 et 75cl <em>(avec du houblon bio)<\/em><br>-Cidre bl\u00e9 noir Bio en 75cl (avec du bl\u00e9 noir bio)<br>-Cuv\u00e9e du Roi Morvan 2022 BIO en 75cl<br><br><em><span style=\"color:#3cb54b\" class=\"has-inline-color\">Une seule vari\u00e9t\u00e9 de pomme<\/span><\/em><br>-Peau de Chien Bio 75cl (cidre monovari\u00e9tal \u00ab\u00a0peau de chien\u00a0\u00bb)<br>-Guillevic extra sec BIO en 75cl (cidre monovari\u00e9tal \u00ab\u00a0la Guillevic\u00a0\u00bb)<\/p>\n\n\n\n<p><em><span style=\"color:#3cb54b\" class=\"has-inline-color\">Les poires<\/span><\/em><br>-Poir\u00e9 de Kleg &#8211; Sistr Per en 75cl<br>-Eau de vie de poire en 50cl (en pr\u00e9paration&#8230;)<\/p>\n\n\n\n<p><em><span style=\"color:#3cb54b\" class=\"has-inline-color\">Les authentiques<\/span><\/em> <br>-Jus de pommes Bio en 1L (pasteuris\u00e9)<br>-Vinaigre Bio en 50cl et 1L<\/p>\n\n\n\n<figure class=\"wp-block-gallery columns-3 is-cropped wp-block-gallery-2 is-layout-flex wp-block-gallery-is-layout-flex\"><ul class=\"blocks-gallery-grid\"><li class=\"blocks-gallery-item\"><figure><img loading=\"lazy\" decoding=\"async\" width=\"1024\" height=\"680\" src=\"http:\/\/la-malvoisine.fr\/wp-content\/uploads\/2025\/09\/poire-1024x680.png\" alt=\"\" data-id=\"312\" data-full-url=\"http:\/\/la-malvoisine.fr\/wp-content\/uploads\/2025\/09\/poire.png\" data-link=\"http:\/\/la-malvoisine.fr\/?attachment_id=312\" class=\"wp-image-312\" srcset=\"https:\/\/la-malvoisine.fr\/wp-content\/uploads\/2025\/09\/poire-1024x680.png 1024w, https:\/\/la-malvoisine.fr\/wp-content\/uploads\/2025\/09\/poire-300x199.png 300w, https:\/\/la-malvoisine.fr\/wp-content\/uploads\/2025\/09\/poire-768x510.png 768w, https:\/\/la-malvoisine.fr\/wp-content\/uploads\/2025\/09\/poire-1536x1020.png 1536w, https:\/\/la-malvoisine.fr\/wp-content\/uploads\/2025\/09\/poire.png 1679w\" sizes=\"auto, (max-width: 767px) 89vw, (max-width: 1000px) 54vw, (max-width: 1071px) 543px, 580px\" \/><\/figure><\/li><li class=\"blocks-gallery-item\"><figure><img loading=\"lazy\" decoding=\"async\" width=\"1024\" height=\"684\" src=\"http:\/\/la-malvoisine.fr\/wp-content\/uploads\/2025\/09\/recolte-1024x684.png\" alt=\"\" data-id=\"314\" data-full-url=\"http:\/\/la-malvoisine.fr\/wp-content\/uploads\/2025\/09\/recolte.png\" data-link=\"http:\/\/la-malvoisine.fr\/?attachment_id=314\" class=\"wp-image-314\" srcset=\"https:\/\/la-malvoisine.fr\/wp-content\/uploads\/2025\/09\/recolte-1024x684.png 1024w, https:\/\/la-malvoisine.fr\/wp-content\/uploads\/2025\/09\/recolte-300x200.png 300w, https:\/\/la-malvoisine.fr\/wp-content\/uploads\/2025\/09\/recolte-768x513.png 768w, https:\/\/la-malvoisine.fr\/wp-content\/uploads\/2025\/09\/recolte-1536x1026.png 1536w, https:\/\/la-malvoisine.fr\/wp-content\/uploads\/2025\/09\/recolte.png 1673w\" sizes=\"auto, (max-width: 767px) 89vw, (max-width: 1000px) 54vw, (max-width: 1071px) 543px, 580px\" \/><\/figure><\/li><li class=\"blocks-gallery-item\"><figure><img loading=\"lazy\" decoding=\"async\" width=\"1024\" height=\"768\" src=\"http:\/\/la-malvoisine.fr\/wp-content\/uploads\/2021\/04\/3282233-1024x768.jpg\" alt=\"\" data-id=\"206\" data-full-url=\"http:\/\/la-malvoisine.fr\/wp-content\/uploads\/2021\/04\/3282233-scaled.jpg\" data-link=\"http:\/\/la-malvoisine.fr\/?attachment_id=206\" class=\"wp-image-206\" srcset=\"https:\/\/la-malvoisine.fr\/wp-content\/uploads\/2021\/04\/3282233-1024x768.jpg 1024w, https:\/\/la-malvoisine.fr\/wp-content\/uploads\/2021\/04\/3282233-300x225.jpg 300w, https:\/\/la-malvoisine.fr\/wp-content\/uploads\/2021\/04\/3282233-768x576.jpg 768w, https:\/\/la-malvoisine.fr\/wp-content\/uploads\/2021\/04\/3282233-1536x1152.jpg 1536w, https:\/\/la-malvoisine.fr\/wp-content\/uploads\/2021\/04\/3282233-2048x1536.jpg 2048w\" sizes=\"auto, (max-width: 767px) 89vw, (max-width: 1000px) 54vw, (max-width: 1071px) 543px, 580px\" \/><\/figure><\/li><\/ul><\/figure>\n\n\n\n<p><strong>M\u00c9DAILLES D&rsquo;OR \/\/<\/strong><\/p>\n\n\n\n<div class=\"wp-block-group\"><div class=\"wp-block-group__inner-container is-layout-flow wp-block-group-is-layout-flow\">\n<figure class=\"wp-block-image size-large\"><img loading=\"lazy\" decoding=\"async\" width=\"1024\" height=\"575\" src=\"https:\/\/la-malvoisine.fr\/wp-content\/uploads\/2025\/09\/or-3-1024x575.jpeg\" alt=\"\" class=\"wp-image-316\" srcset=\"https:\/\/la-malvoisine.fr\/wp-content\/uploads\/2025\/09\/or-3-1024x575.jpeg 1024w, https:\/\/la-malvoisine.fr\/wp-content\/uploads\/2025\/09\/or-3-300x168.jpeg 300w, https:\/\/la-malvoisine.fr\/wp-content\/uploads\/2025\/09\/or-3-768x431.jpeg 768w, https:\/\/la-malvoisine.fr\/wp-content\/uploads\/2025\/09\/or-3-1536x862.jpeg 1536w, https:\/\/la-malvoisine.fr\/wp-content\/uploads\/2025\/09\/or-3.jpeg 1705w\" sizes=\"auto, (max-width: 767px) 89vw, (max-width: 1000px) 54vw, (max-width: 1071px) 543px, 580px\" \/><\/figure>\n<\/div><\/div>\n\n\n\n<p>En juin 2025, plus de 200&nbsp;\u00e9chantillons de cidre, repr\u00e9sentant une quarantaine de cidreries en Bretagne, a \u00e9t\u00e9 soumis \u00e0 un jury de 115&nbsp;professionnels (producteurs, cavistes, cr\u00eapiers, restaurateurs), lors d\u2019une d\u00e9gustation \u00e0 l\u2019aveugle. <br>La Cidrerie la Malvoisine a d\u00e9croch\u00e9 <strong>deux m\u00e9dailles d&rsquo;or pour le cidre  brut et le demi-sec !<\/strong><\/p>\n\n\n\n<p><strong>PASSEZ COMMANDE \/\/<\/strong><br>Par mail : cidrerie@la-malvoisine.fr<br>Par tel : 07 81 65 90 38<\/p>\n\n\n\n<figure class=\"wp-block-gallery columns-3 is-cropped wp-block-gallery-3 is-layout-flex wp-block-gallery-is-layout-flex\"><ul class=\"blocks-gallery-grid\"><li class=\"blocks-gallery-item\"><figure><img loading=\"lazy\" decoding=\"async\" width=\"1024\" height=\"768\" src=\"http:\/\/la-malvoisine.fr\/wp-content\/uploads\/2020\/05\/4204330-1-1024x768.jpg\" alt=\"\" data-id=\"109\" data-full-url=\"http:\/\/la-malvoisine.fr\/wp-content\/uploads\/2020\/05\/4204330-1-scaled.jpg\" data-link=\"http:\/\/la-malvoisine.fr\/?attachment_id=109\" class=\"wp-image-109\" srcset=\"https:\/\/la-malvoisine.fr\/wp-content\/uploads\/2020\/05\/4204330-1-1024x768.jpg 1024w, https:\/\/la-malvoisine.fr\/wp-content\/uploads\/2020\/05\/4204330-1-300x225.jpg 300w, https:\/\/la-malvoisine.fr\/wp-content\/uploads\/2020\/05\/4204330-1-768x576.jpg 768w, https:\/\/la-malvoisine.fr\/wp-content\/uploads\/2020\/05\/4204330-1-1536x1152.jpg 1536w, https:\/\/la-malvoisine.fr\/wp-content\/uploads\/2020\/05\/4204330-1-2048x1536.jpg 2048w\" sizes=\"auto, (max-width: 767px) 89vw, (max-width: 1000px) 54vw, (max-width: 1071px) 543px, 580px\" \/><\/figure><\/li><li class=\"blocks-gallery-item\"><figure><img loading=\"lazy\" decoding=\"async\" width=\"1024\" height=\"783\" src=\"http:\/\/la-malvoisine.fr\/wp-content\/uploads\/2021\/04\/cropped-photo-3-scaled-1-1024x783.jpg\" alt=\"\" data-id=\"211\" data-full-url=\"http:\/\/la-malvoisine.fr\/wp-content\/uploads\/2021\/04\/cropped-photo-3-scaled-1.jpg\" data-link=\"http:\/\/la-malvoisine.fr\/?attachment_id=211\" class=\"wp-image-211\" srcset=\"https:\/\/la-malvoisine.fr\/wp-content\/uploads\/2021\/04\/cropped-photo-3-scaled-1-1024x783.jpg 1024w, https:\/\/la-malvoisine.fr\/wp-content\/uploads\/2021\/04\/cropped-photo-3-scaled-1-300x229.jpg 300w, https:\/\/la-malvoisine.fr\/wp-content\/uploads\/2021\/04\/cropped-photo-3-scaled-1-768x587.jpg 768w, https:\/\/la-malvoisine.fr\/wp-content\/uploads\/2021\/04\/cropped-photo-3-scaled-1-1536x1174.jpg 1536w, https:\/\/la-malvoisine.fr\/wp-content\/uploads\/2021\/04\/cropped-photo-3-scaled-1.jpg 2000w\" sizes=\"auto, (max-width: 767px) 89vw, (max-width: 1000px) 54vw, (max-width: 1071px) 543px, 580px\" \/><\/figure><\/li><li class=\"blocks-gallery-item\"><figure><img loading=\"lazy\" decoding=\"async\" width=\"1024\" height=\"826\" src=\"http:\/\/la-malvoisine.fr\/wp-content\/uploads\/2020\/05\/recette-1024x826.jpg\" alt=\"\" data-id=\"107\" data-full-url=\"http:\/\/la-malvoisine.fr\/wp-content\/uploads\/2020\/05\/recette-scaled.jpg\" data-link=\"http:\/\/la-malvoisine.fr\/?attachment_id=107\" class=\"wp-image-107\" srcset=\"https:\/\/la-malvoisine.fr\/wp-content\/uploads\/2020\/05\/recette-1024x826.jpg 1024w, https:\/\/la-malvoisine.fr\/wp-content\/uploads\/2020\/05\/recette-300x242.jpg 300w, https:\/\/la-malvoisine.fr\/wp-content\/uploads\/2020\/05\/recette-768x619.jpg 768w, https:\/\/la-malvoisine.fr\/wp-content\/uploads\/2020\/05\/recette-1536x1239.jpg 1536w, https:\/\/la-malvoisine.fr\/wp-content\/uploads\/2020\/05\/recette-2048x1652.jpg 2048w\" sizes=\"auto, (max-width: 767px) 89vw, (max-width: 1000px) 54vw, (max-width: 1071px) 543px, 580px\" \/><\/figure><\/li><\/ul><\/figure>\n\n\n\n<p>N&rsquo;h\u00e9sitez pas \u00e0 me contacter, par mail ou tel, pour plus d&rsquo;infos !<\/p>\n","protected":false},"excerpt":{"rendered":"<p>LA GAMME \/\/Les incontournables-Cidre demi-sec Bio en 33 et 75cl-Cidre brut Bio en 33 et 75cl-Cidre fermier Bio en 75cl Les inoubliables-Cidre houblonn\u00e9e Bio en 33 et 75cl (avec du houblon bio)-Cidre bl\u00e9 noir Bio en 75cl (avec du bl\u00e9 noir bio)-Cuv\u00e9e du Roi Morvan 2022 BIO en 75cl Une seule vari\u00e9t\u00e9 de pomme-Peau de &hellip; <\/p>\n<p class=\"link-more\"><a href=\"https:\/\/la-malvoisine.fr\/\" class=\"more-link\">Continuer la lecture<span class=\"screen-reader-text\"> de &laquo;&nbsp;Nos Produits&nbsp;&raquo;<\/span><\/a><\/p>\n","protected":false},"author":2,"featured_media":0,"parent":0,"menu_order":0,"comment_status":"closed","ping_status":"closed","template":"","meta":{"footnotes":""},"class_list":["post-92","page","type-page","status-publish","hentry"],"_links":{"self":[{"href":"https:\/\/la-malvoisine.fr\/index.php?rest_route=\/wp\/v2\/pages\/92","targetHints":{"allow":["GET"]}}],"collection":[{"href":"https:\/\/la-malvoisine.fr\/index.php?rest_route=\/wp\/v2\/pages"}],"about":[{"href":"https:\/\/la-malvoisine.fr\/index.php?rest_route=\/wp\/v2\/types\/page"}],"author":[{"embeddable":true,"href":"https:\/\/la-malvoisine.fr\/index.php?rest_route=\/wp\/v2\/users\/2"}],"replies":[{"embeddable":true,"href":"https:\/\/la-malvoisine.fr\/index.php?rest_route=%2Fwp%2Fv2%2Fcomments&post=92"}],"version-history":[{"count":55,"href":"https:\/\/la-malvoisine.fr\/index.php?rest_route=\/wp\/v2\/pages\/92\/revisions"}],"predecessor-version":[{"id":327,"href":"https:\/\/la-malvoisine.fr\/index.php?rest_route=\/wp\/v2\/pages\/92\/revisions\/327"}],"wp:attachment":[{"href":"https:\/\/la-malvoisine.fr\/index.php?rest_route=%2Fwp%2Fv2%2Fmedia&parent=92"}],"curies":[{"name":"wp","href":"https:\/\/api.w.org\/{rel}","templated":true}]}}